1*v(q). Determine w(3).
-2
Let m(g) be the first derivative of -g**3 - g**2 + g - 8. Let c(j) = j + 8. Let f be c(-7). What is m(f)?
-4
Let d(y) = 31*y**2 + 19*y - 24. Let i(j) = 7*j**2 + 5*j - 6. Let v(t) = -2*d(t) + 9*i(t). Determine v(-5).
-16
Let n(l) be the second derivative of -l**4/3 - l**2/2 + l. Let o(j) = -j - 2. Let b be o(-1). What is n(b)?
-5
Let d be 80/(-15) - (-3)/9. Let h be 2 + ((-15)/d - 2). Let k(p) = p - 2. Let r(i) = 1. Let t(o) = -k(o) + 2*r(o). What is t(h)?
1
Suppose 17*a = 51*a + 204. Let r(s) = -s**3 - 8*s**2 - 9*s - 3. What is r(a)?
-21
Let u(x) = 6*x + 10. Suppose 2*m + 7*t + 11 = 2*t, 0 = 5*m - 5*t + 45. Determine u(m).
-38
Let p(w) = -w + 7. Let h = 27 - 27. Suppose -5*a + 6*a - 6 = h. What is p(a)?
1
Let f(a) = -5*a + 3. Let q(y) = -2. Let o(j) = f(j) - 2*q(j). Calculate o(7).
-28
Let a(b) = -b**2 + 8*b + 24. Let c be a(11). Let s(v) = -v**3 - 8*v**2 + 11*v + 11. Determine s(c).
-7
Let n(o) = o**3 - 3*o**2 + 3*o. Let w be n(2). Let y(q) = q**3 - 6*q**2 - q + 6. Let j(h) = -h**3 + 7*h**2 + h - 7. Let d(c) = -5*j(c) - 6*y(c). Calculate d(w).
-3
Let q(k) = -k**3 + 9*k**2 + 22*k + 4. Let t be q(11). Let d(n) = 7*n + 11 - 10*n**2 + 5*n**2 + 1 + t*n**2. Give d(9).
-6
Let s(f) = 43*f**2 + 4*f - 6. Let n be s(2). Let u(y) = -6*y - 174 + n. Determine u(2).
-12
Suppose -d = 3*s + 34, -s - 2*d - 2 = -4*d. Let j(u) = u**2 + 11*u + 9. Calculate j(s).
-1
Let d(r) = 13*r**3 - 2*r**2 - 6*r - 7. Let b(w) = -28*w**3 + 5*w**2 + 12*w + 14. Let a(o) = -6*b(o) - 13*d(o). Calculate a(-5).
2
Let x(y) = -y**2 + 10*y - 17. Suppose 1466 - 1522 = -7*t. What is x(t)?
-1
Let d(v) = -6 - 2*v + 0 - 1 - 1. Determine d(8).
-24
Let u(i) = -i**2 + 12*i + 16. Let q be u(13). Let x(t) = 0*t + 1 - t - q - 1. What is x(0)?
-3
Let x(v) = 5*v + 2. Suppose 0 = 5*b + 21 - 16. Let i(r) = -r + 1. Let h(l) = b*x(l) - 2*i(l). Calculate h(-3).
5
Let i(z) = z**3 + 4*z**2 - 9 + 55*z - 46*z - 13*z**2 + 0 - 6. Calculate i(8).
-7
Let q be (-18)/(-4)*(1 - -1). Let l(z) = 31*z - 12*z - 7*z + 2 - q*z. Suppose -8*d + 13*d = 15. Determine l(d).
11
Let j(u) = -2*u**3 + 5*u**2 + u + 5. Let b(o) = 11*o**3 - 28*o**2 - 6*o - 28. Let c(d) = 6*b(d) + 34*j(d). Determine c(2).
-10
Let s be 1*-2*(-5)/4*-4. Let m be 0/(5/(s/4)). Let c(i) = -i**3 - i**2 + i + 8. Determine c(m).
8
Let q(i) = 4*i. Let x be 18/(-5)*((-64)/(-6) + -4). Let g = -28 - x. Determine q(g).
-16
Let l(s) = s**3 - 8*s**2 + s - 5. Let r be l(8). Let g(i) = 13*i - 9. Let z(q) = 6*q + 3 - 6 - 4 + 3. Let v(x) = 3*g(x) - 7*z(x). Give v(r).
-8
Let c(m) = -3*m**2 - 7*m + 20. Let a(o) = o - 4. Let y(i) = -5*a(i) - c(i). Give y(2).
16
Suppose 4*n = 13*n + 27. Let m(q) be the second derivative of 0 + 0*q**2 + 1/6*q**3 - 2*q. What is m(n)?
-3
Let g = 1 - -3. Suppose 25 = -g*i - i. Let x(h) = -4*h - 2. Calculate x(i).
18
Let l(k) = k**3 + 6*k**2 + k - 19. Let h be l(-5). Let a(m) = 18*m**2 + 1. Determine a(h).
19
Let b(z) = 3*z**3 + 10*z**2 - z + 12. Let s(n) = -5*n**3 - 9*n**2 + n - 12. Let d(t) = 3*b(t) + 2*s(t). What is d(12)?
0
Let j(a) be the third derivative of a**6/120 + a**5/12 + a**4/24 - 2*a**3/3 - 2*a**2. Let n = -349 + 344. Calculate j(n).
-9
Let z(d) = -5*d - 4. Let a = 847 - 852. Give z(a).
21
Let i(m) = m**3 + 4*m**2 - 3*m - 5. Let r(o) = -o - 1. Let y(c) = -i(c) + 6*r(c). Suppose 3*x - 2*x = 2, 358 = 5*k + 4*x. Let b = 68 - k. What is y(b)?
-3
Let z be (-44)/8 + 6*2/8. Let f(g) be the third derivative of g**4/12 + g**3/6 + 7*g**2. What is f(z)?
-7
Let j(m) be the second derivative of -m**3/6 - 13*m**2/2 + 67*m. What is j(-12)?
-1
Let x(k) = -3*k**2 + 13*k - 9. Let b(v) = -4*v**2 + 14*v - 8. Let t(y) = -2*b(y) + 3*x(y). Let z be t(10). Let r(a) = 10*a - 1. Give r(z).
-11
Let q(n) = n - 736 - 4*n + 734. What is q(-7)?
19
Suppose 3*f - 6 = -2*i, -6*f + 2*f - 3*i + 7 = 0. Let d(r) be the third derivative of -3/8*r**f - 3/2*r**3 + 0*r - 1/60*r**5 - 8*r**2 + 0. Determine d(-7).
5
Let n(w) be the first derivative of 4*w**3/3 - 13*w**2/2 + 9*w - 13. Let p(m) = 2*m**2 - 6*m + 4. Let h(o) = 2*n(o) - 5*p(o). What is h(4)?
-18
Let k(r) = 24*r**3 - r**2 - r. Let v(n) = -n**3 + 10*n**2 - 1. Let s be v(10). Give k(s).
-24
Let d(g) = -g**2 + 12*g - 2. Let m(z) = z**2 - 11*z + 3. Let c(o) = -4*d(o) - 5*m(o). Suppose -2*t + 5*s = -27, 241*t + 2*s = 244*t - 24. Calculate c(t).
-1
Suppose 3*f = -5*h + 37, -4*h + 2*h = -5*f + 10. Suppose 0 = 5*g + 5*r + 5, -5*g - 1 = -f*r + 31. Let w(s) = -4 + 0*s**2 + 2*s**2 - 8*s - 3*s**2. Give w(g).
12
Let q(r) = -r**2 + 5*r + 4. Let h be ((-1)/3)/(1/(-15)). Suppose -h*d + 2*z = -29, -z + 2*z + 2 = 0. Calculate q(d).
4
Let n(f) = -59*f**3 + 2*f + 92*f**3 + 2 + 3*f**2 - 34*f**3. What is n(-2)?
18
Let o(r) = -r**3 + 16*r**2 + 17*r - 6. Let y be 28/126 - 151/(-9). Determine o(y).
-6
Suppose 2*q - 3*v + 12 = 1, -3*v - 13 = 4*q. Let b be -4*q/8 + -8. Let y(i) = i**2 + 8*i + 5. Give y(b).
-7
Suppose 2*l = -7*a + 2*a + 3, 0 = -5*l + 5*a - 45. Let d(b) = -b + 3. What is d(l)?
9
Let t(q) = 1. Let a(m) = -m - 8. Let i(r) = -a(r) - 4*t(r). Suppose -30 = -5*c + 3*l, -6*c + c + 5 = 2*l. Suppose 10 = 5*s - 3*p, c*p = 4*s - p. Calculate i(s).
9
Let y(z) = -3 + 4 + 2 + 6*z + 2. Let g(h) = -h + 21 - 21. Let m(i) = 5*g(i) + y(i). What is m(-4)?
1
Let a(u) be the third derivative of u**5/60 - u**4/24 + u**2. Let n(b) = 4*b**2 - b - 6 - 7*b + 13*b - 6*b. Let s(m) = -5*a(m) + n(m). Calculate s(5).
-11
Let n(m) = m**3 - 2*m**2 + m + 4. Suppose 0 = i + 202 - 204. Suppose i*q - 3 = -5*h + 3, 6 = 2*q + h. What is n(q)?
16
Suppose -4*o = 3*w + 22, 7 = -3*w + 2*o + 9. Let j(d) = d**3 + 2*d**2 + d. Determine j(w).
-2
Let i be -3 - -2 - (0 + -8). Let d(n) be the first derivative of n**2/2 - 2*n - 21. Let c(b) = -2*b + 1. Let x(y) = -2*c(y) - 3*d(y). Determine x(i).
11
Let i(u) be the third derivative of u**6/120 - u**5/10 + u**4/8 - u**3/2 + 5*u**2 - 12. Give i(4).
-23
Suppose -487 - 213 = 7*p. Let w = p + 103. Let h(i) = i**3 - 3*i**2 + 5*i - 4. What is h(w)?
11
Let h(i) = -2*i + 0*i - 17 - 2*i**2 + 0*i. Let a(o) = -o**2 - o - 9. Suppose -4*f - f - 55 = 0. Let q(m) = f*a(m) + 6*h(m). Give q(0).
-3
Let o(k) be the first derivative of -k**5/60 + k**4/24 + 19*k**3/3 - 19. Let f(g) be the third derivative of o(g). Determine f(-2).
5
Let h(y) = 5*y - 1 - 7 - 4*y + 0*y. Let x(t) = -t + 15. Let u(k) = 5*h(k) + 3*x(k). Let d = 2 - 7. Calculate u(d).
-5
Let z(w) = -175*w + 57 + 172*w - 110. What is z(-16)?
-5
Let c(k) be the second derivative of -k**4/6 + k**3/2 - k**2/2 - k. Suppose -59 + 31 = -14*y. Determine c(y).
-3
Let x(i) = i + 9. Suppose -2*q = -3*q + 5*u - 29, -2*q - 4*u = -12. Suppose 0 = 5*k - 3*n + 61, -2*n - 54 = 4*k - 7*n. Let d = k - q. Calculate x(d).
2
Let q(u) = u**3 - 3*u**2 - 2*u + 2. Let k(m) = -m**2 - m + 1. Let s(v) = 2*k(v) - q(v). Let z be -3 + 9 - (0 + 8). Determine s(z).
12
Suppose 7*u - 10*u = -15. Let t(j) = -24*j**2 + 23*j**2 - u + 11. What is t(0)?
6
Let d(m) = 3*m**3 + 13*m**2 - 18*m + 16. Let c(n) = 5*n**3 + 13*n**2 - 20*n + 15. Let r(t) = 2*c(t) - 3*d(t). Give r(12).
6
Let f(i) = -i**2 + 5*i - 3. Let l be ((-102)/36)/17*2*-12. Determine f(l).
1
Let q(w) be the third derivative of w**5/60 - 11*w**4/24 - w**3/3 - 69*w**2. Calculate q(11).
-2
Suppose 0 = -5*g + 2*u - 4, 0*g = -2*g + 5*u + 11. Let s(n) = 7*n - 1. Calculate s(g).
-15
Suppose -5*u - 5 + 0 = -3*k, -4*u + k + 3 = 0. Suppose g = -2*o, u*g = 4*o + 6*g. Let q(y) = y**2 - y + 16. Determine q(o).
16
Let x(f) = -f + 5*f + 65 - 81 + 6. Calculate x(-6).
-34
Let q = 88 + -81. Let k be (-3)/q - (-11)/(-7). Let g(i) = i**2 + 2. Give g(k).
6
Let t(l) = -l**3 - 4*l**2 - 4*l - 6. Let w(s) = 5*s + 4. Let f be w(-6). Let p = f - -22. Calculate t(p).
10
Let b(g) = g**2 - 5*g. Let s be (((-56)/(-6))/4)/((-2)/(-18)). Let c = s - 16. What is b(c)?
0
Let x(i) = i - 2. Let d be (-12)/((-9)/(-24)*-2). Suppose -3*u - u + 32 = 4*o, o - d = -3*u. Let q be x(o). Let h(g) = g**3 - g**2 - g + 1. Determine h(q).
3
Let s = 15 + -11. Let n(p) = -p**3 - 6*p**2 - 11*p - 6. Let z be n(-4). Let v(i) = -z + 1 + 4 + 6 + i. Calculate v(s).
9
Let l(u) be the first derivative of 3*u**2 - 37*u - 606. Determine l(5).
-7
Let l(g) = 0*g - 13*g**2 + 2*g + 11*g**2. Let n be l(2). Let w(b) = 3*b + 6. Give w(n).
-6
Let g = 125 + -128. Let a(c) = 0*c - c**2 + 209 - 206 - 4*c. Det